3350/t. List the prime factors of (-1 - 0)/(1/n).
239
Let t = -122 - -125. Let l = -9 + t. What are the prime factors of -1 - l*(366/(-9))/(-2)?
11
Suppose 27*d - 23 = 26*d. Let u = -19 + d. Suppose 2*o - 234 = -u*o. List the prime factors of o.
3, 13
Let r = -33 - -35. Let a(f) = -2*f + 36 + f**2 - 11*f + 0*f**2 - r*f**2. What are the prime factors of a(-11)?
2, 29
List the prime factors of (330 + 117)/(2/166).
3, 83, 149
What are the prime factors of (6854770/(-2361))/(-1 + 4/6)?
2, 5, 13, 67
Suppose -5*x + 4*v = -1122, -5*v - 5 = 10. Let c = 75 + x. List the prime factors of c.
3, 11
What are the prime factors of ((-204678)/(-8) - (-155)/124) + -2?
2, 3, 13, 41
What are the prime factors of (8900/(-16))/((-68)/1904)?
5, 7, 89
Let a = -39 + 42. Suppose -a*m - 135 - 39 = 0. Let p = 83 + m. List the prime factors of p.
5
Let u(q) = 73*q + 594. Let p(i) = -12*i - 99. Let j(z) = -39*p(z) - 6*u(z). What are the prime factors of j(12)?
3, 73
Suppose -7*d - d + 39144 = 0. Suppose 5*c + 1178 = d. List the prime factors of c.
743
Let g = 2201 - -817. List the prime factors of g.
2, 3, 503
Suppose -5*b + 45 = -4*m - 64, -2*m - 5*b - 17 = 0. Let a = m + -8. What are the prime factors of (-2)/2 - (a - 3)?
31
Suppose 78*t = 655679 - 66180 + 39883. List the prime factors of t.
8069
Let k = -74 + 55. Let b = -50 - 9. Let o = k - b. List the prime factors of o.
2, 5
Let k(s) = s**3 - 17*s**2 - 45*s - 19. Let x(q) = q**3 - 12*q**2 + 24*q - 20. Let u be x(10). List the prime factors of k(u).
281
Let r(y) = 32*y**2 - 28. Let k be r(-9). Suppose 2*x - 5*j + 2*j = k, x - 1283 = 2*j. What are the prime factors of x?
1279
Let z(a) = 4*a**2 - 10*a + 8. List the prime factors of z(-13).
2, 11, 37
List the prime factors of ((-213)/9 + 3)*84*62/(-8).
2, 7, 31
Suppose 3987 = -18*r + 6435. Let h(y) = 2*y**2 - 2*y. Let z be h(2). Suppose 4*t = -z*o + 396, -r = -5*o - t + 371. List the prime factors of o.
2, 3, 17
What are the prime factors of 7831 + (-8)/(-16)*6?
2, 3917
Suppose 4*x = -z + 41768, -2*x - 2*z = -7690 - 13194. What are the prime factors of x?
2, 23, 227
List the prime factors of (9/(27/7428))/((-14)/(-56)*1).
2, 619
Let f(v) = 7880*v + 6177. List the prime factors of f(10).
84977
What are the prime factors of (-12851235)/(-935) - 8/(-22)?
5, 2749
List the prime factors of (-1 + 8613)/(1840/(-2800) + 12/14).
2, 5, 2153
Suppose 8*f + 80 = 12*f. Suppose -f*m + 140 = -6*m. Suppose m*o - 3575 = -3*o. What are the prime factors of o?
5, 11
List the prime factors of (-157416)/(-14) + (-36)/(-8)*(-4)/3.
2, 3, 1873
Suppose 5*c - 4*c - 1 = -i, -8 = 4*c. Suppose i*q + 1861 = 4*o, -o - 2*q + 98 = -370. What are the prime factors of o?
2, 233
Let y(w) be the second derivative of -8*w**5/5 + w**4/3 - w**3/6 - 3*w**2/2 - w - 13. What are the prime factors of y(-1)?
2, 17
Let l = -402 - -402. Suppose 2*g - 14 = -u - 3*g, -u = 2*g - 8. List the prime factors of (l + -6)/(u/(-48)).
2, 3
Suppose -18*k = -13*k - h - 38, k + 8 = -5*h. Let o(l) = 7*l**2 - 10*l + 36. What are the prime factors of o(k)?
3, 103
Let w = 34 + -33. Let z be (24*-1)/(w - 3). Suppose 2*d - 90 = z. List the prime factors of d.
3, 17
Let s = -1354 - -738. Let t = -181 - s. Suppose -5*r + r + 5*d + t = 0, 0 = -5*r - 4*d + 554. List the prime factors of r.
2, 5, 11
Let r(h) = 594*h**2 - 133*h - 556. What are the prime factors of r(-4)?
2, 3, 5, 79
Let v = -279 - -284. Suppose 2892 - 380 = 3*g + v*z, z = -3*g + 2528. What are the prime factors of g?
2, 211
Suppose -8*d - 5*d = 0. Suppose 4*i - 2*l + d*l - 278 = 0, 0 = -2*i - l + 137. List the prime factors of i.
3, 23
Let s be 6/(-4) + (-7)/(-14). Let w be (s - -1 - -62)*91/26. Let v = -100 + w. List the prime factors of v.
3, 13
Suppose x = -4*x. Suppose x = 3*j + j - 276. Let n = j - -87. List the prime factors of n.
2, 3, 13
Let y(l) = 5*l**2 - 88*l + 358. List the prime factors of y(63).
107, 137
Let j(w) = -43*w**2 + 36*w + 152. Let t(i) = -14*i**2 + 12*i + 51. Let v(c) = -4*j(c) + 11*t(c). What are the prime factors of v(-7)?
919
Let r(a) = -a**3 + 21*a**2 - 32*a + 31. Let k be (24 + -27)*(-7)/(-3)*-2. List the prime factors of r(k).
5, 191
Let u = -128 + 134. List the prime factors of 2367*(u/27)/(2/3).
3, 263
Let g(j) = -59*j + 49. Let x(q) = 57*q - 48. Let z(r) = 2*g(r) + 3*x(r). List the prime factors of z(7).
5, 13
Let x(c) = 9*c**2 + 2*c. Let l be x(-1). Suppose -2*h + 207 = l. List the prime factors of h.
2, 5
Let r be 4/(-6) + ((-38)/(-3) - 2). Suppose -15*s = -r*s - 18970. Suppose -s = -5*u - 9*u. List the prime factors of u.
271
Let v(x) be the second derivative of 15*x**3/2 - 2*x**2 - 2*x. Let n(z) = 3*z**2 + 5*z + 2. Let j be n(-2). List the prime factors of v(j).
2, 11
Let a = 25040 + -11479. List the prime factors of a.
71, 191
Let m = 158 + -104. Suppose -2*l - 13 = i + 11, 0 = -3*l + 3*i - m. What are the prime factors of (((-4543)/l)/(-11))/(2/(-12))?
3, 59
Suppose -2*a = -2*t + 14, -4*a + 2*t - 38 + 16 = 0. Let x be a/20 + 255/25. Let u(c) = 7*c - 24. What are the prime factors of u(x)?
2, 23
Let f(l) = -10*l**2 - 16*l + 1. Let w be f(-5). Suppose 178 = -0*n - 2*n. Let v = n - w. List the prime factors of v.
2, 5
Let v = -238 - -233. List the prime factors of ((-111)/v)/(99/(-25) - -4).
3, 5, 37
Let g be (44/77)/((-6)/(-21)). Suppose -73 = -2*v + q - 11, 3*q - 46 = -g*v. What are the prime factors of v?
29
Suppose 180*a - 22*a = 1048962. List the prime factors of a.
3, 2213
Suppose 34*t - 64 = 4. What are the prime factors of t/(-7) - 17/(952/(-35352))?
631
Let x = -21 - -23. What are the prime factors of 24/(-30)*5 - (-212)/x?
2, 3, 17
Let c = -174 - -179. Suppose -5*o + 3*b = -10*o + 4647, c*b - 20 = 0. What are the prime factors of o?
3, 103
Let r = 18168 + -10468. Suppose -12*w = 10*w - r. What are the prime factors of w?
2, 5, 7
Let m(y) = 7*y + 2 - y**2 + 4*y**2 + 4. Let q(i) = 14*i + 456. Let j be q(-33). List the prime factors of m(j).
2, 3
Suppose 29*s - 7 = 28*s - f, -3*s = f - 15. Suppose s*d - 32*d + 2688 = 0. What are the prime factors of d?
2, 3
Let k(j) = j**2 + 6*j + 14. Let y = 4 - 8. Let m be k(y). Let u(s) = 3*s**2 + 4*s - 3. List the prime factors of u(m).
3, 43
Let g be (4/7)/((-8)/(-28)). Let m be 3/(6/32) + g. Let k = m + 61. What are the prime factors of k?
79
List the prime factors of (-12)/((-48)/(-28)) - -27165.
2, 37, 367
Suppose 78*o - 239406 = 10662. What are the prime factors of o?
2, 7, 229
Let f(d) = -6*d + 16. Let v(j) = 13*j - 32. Let h(p) = 5*f(p) + 2*v(p). Let z be h(6). What are the prime factors of 42*(z/(-3) - 1)?
2, 5, 7
Let d = 175 - 172. Suppose 126 = c - 5*a, 0 = c + d*a - 25 - 93. What are the prime factors of c?
11
Suppose -5*s - 784 + 251 = -3*l, 0 = -2*s - 2. Let x(d) = -10*d + 104. Let b be x(10). Suppose b*p + 32 = l. List the prime factors of p.
2, 3
List the prime factors of 30694/6 + (-580)/(-174).
5119
Suppose -4 = -4*h, 3*m - 156 = h + 59. Let d = 732 - m. List the prime factors of d.
2, 3, 5, 11
Suppose -13*a + 14*a + 2 = 0. What are the prime factors of (-24 + 33)*(428/(-3))/a?
2, 3, 107
Suppose 77*z - 72*z = 4*l + 966, -3*z = -2*l - 580. List the prime factors of z.
2, 97
Suppose 4*d = 3*o + 3176, 529*d - 2396 = 526*d + 4*o. What are the prime factors of d?
2, 197
Let r = -5934 + 17616. List the prime factors of r.
2, 3, 11, 59
Let a be (2/4)/((-19)/(-608)). Let u(g) = 2*g**3 - 32*g**2 + 17*g + 31. What are the prime factors of u(a)?
3, 101
Let c(o) = 476*o - 4. Let y(j) = -1. Let z(u) = -c(u) + 4*y(u). Let r be z(-1). Suppose -r - 114 = -5*w. List the prime factors of w.
2, 59
Suppose 2*z + 396 = 2*c, -4*z + 602 = 3*c + z. Let k = 256 - c. What are the prime factors of k?
3, 19
Suppose -60 = 28*v - 29*v. Suppose -v - 63 = -a. Let q = 230 - a. List the prime factors of q.
107
Let a = 161 - 746. Let k = -76 - a. List the prime factors of k.
509
Let t be 28/6 + (-2)/3. Suppose -4*r - 1904 = -t*z, -9*z + 2381 = -4*z - 4*r. List the prime factors of z.
3, 53
Let g = -1566 + 26319. List the prime factors of g.
3, 37, 223
Let r(s) = 3*s**3 - 5*s**2 + 22*s - 55. Let l be r(5). Suppose -2*u - l = -1019. What are the prime factors of u?
3, 7, 17
Let l = 178 - 178. Suppose 4*s - 3*w - 1126 = l, 0 = 4*s + 5*w - 860 - 250. What are the prime factors of s?
2, 5, 7
Let m be 20 - 9 - 9 -